{"id":976,"date":"2021-12-20T13:50:47","date_gmt":"2021-12-20T12:50:47","guid":{"rendered":"https:\/\/ankersetzen.de\/fbs\/?page_id=976"},"modified":"2024-05-14T12:34:08","modified_gmt":"2024-05-14T10:34:08","slug":"zeitgemaesse-bildung-keb-und-lag","status":"publish","type":"page","link":"https:\/\/ankersetzen.de\/fbs\/zeitgemaesse-bildung-keb-und-lag\/","title":{"rendered":"Zeitgem\u00e4\u00dfe Bildung KEB und LAG"},"content":{"rendered":"\n<p class=\"wp-block-paragraph\">Die Landesorganisationen der kath. und ev. Erwachsenenbildung sowie die kath. Familienbildungsst\u00e4tten im Saarland organisieren seit 2021 Fortbildungen f\u00fcr die Kursleitenden ihrer Einrichtungen.<\/p>\n\n\n\n<p class=\"wp-block-paragraph\">Am 17.12. 2021 hat die Auftaktveranstaltung im Oswald-von-Nell-Breuning-Haus in Dillingen stattgefunden. Nach einem einf\u00fchrenden Impuls zum Thema &#8222;<a href=\"https:\/\/routenplaner-digitale-bildung.de\/\" data-type=\"URL\" data-id=\"https:\/\/routenplaner-digitale-bildung.de\/\" target=\"_blank\" rel=\"noreferrer noopener\">Was ist zeitgem\u00e4\u00dfe Bildung?<\/a>&#8220; haben wir uns mit den Grundfunktionen von Zoom besch\u00e4ftigt. Hier im Blog findet ihr regelm\u00e4\u00dfig <a href=\"https:\/\/ankersetzen.de\/fbs\/tag\/zoom\/\" data-type=\"URL\" data-id=\"https:\/\/ankersetzen.de\/fbs\/tag\/zoom\/\">Beitr\u00e4ge zu neuen und alten Funktionen der Software.<\/a> Auf dieser Seite sammeln wir ausgew\u00e4hlte Links zu wichtigen Quellen und Anleitungen zur Verwendung dieser Videokonferenzl\u00f6sung:<\/p>\n\n\n\n<p class=\"wp-block-paragraph\"><a href=\"https:\/\/www.connect4video.com\/index.php\/easymeet24\" data-type=\"URL\" data-id=\"https:\/\/www.connect4video.com\/index.php\/easymeet24\" target=\"_blank\" rel=\"noreferrer noopener\">connect4video<\/a><\/p>\n\n\n\n<ul class=\"wp-block-list\">\n<li>Der Anbieter vertreibt \u00fcber die Wirtschaftsgesellschaft der Kirchen in Deutschland mbH (<a href=\"https:\/\/www.wgkd.de\/startseite.html\" data-type=\"URL\" data-id=\"https:\/\/www.wgkd.de\/startseite.html\" target=\"_blank\" rel=\"noreferrer noopener\">WGKD<\/a>) kosteng\u00fcnstige Zoomlizenzen, deren Einsatz nach unserer Einsch\u00e4tzung datenschutzkonform m\u00f6glich ist.<\/li>\n<\/ul>\n\n\n\n<p class=\"wp-block-paragraph\"><a href=\"https:\/\/zoom.us\/pricing\" data-type=\"URL\" data-id=\"https:\/\/zoom.us\/pricing\" target=\"_blank\" rel=\"noreferrer noopener\">zoom<\/a><\/p>\n\n\n\n<ul class=\"wp-block-list\">\n<li>Auf der offiziellen Zoomseite kann man sich f\u00fcr einen kostenfreien Basisaccount anmelden. Wer ein Meeting veranstaltet, sollte die Software am PC oder MAC installieren und nicht \u00fcber den Browser an einer Konferenz teilnehmen. (<a href=\"https:\/\/zoom.us\/download#client_4meeting\" data-type=\"URL\" data-id=\"https:\/\/zoom.us\/download#client_4meeting\" target=\"_blank\" rel=\"noreferrer noopener\">Zur Downloadseite<\/a>).<br><br>Wer seine Zoomeinstellungen testen will, kann hier jederzeit an einem Testmeeting teilnehmen: <a href=\"https:\/\/zoom.us\/test\" data-type=\"URL\" data-id=\"https:\/\/zoom.us\/test\" target=\"_blank\" rel=\"noreferrer noopener\">Testmeeting Zoom<\/a>.<br><br>Die offizielle Zoom-Supportseite: <a href=\"https:\/\/support.zoom.us\/hc\/de\" data-type=\"URL\" data-id=\"https:\/\/support.zoom.us\/hc\/de\" target=\"_blank\" rel=\"noreferrer noopener\">Support-Center<\/a><\/li>\n<\/ul>\n\n\n\n<p class=\"wp-block-paragraph\"><a href=\"https:\/\/erwachsenenbildung-ekhn.blog\/zoom-faq\/\" data-type=\"URL\" data-id=\"https:\/\/erwachsenenbildung-ekhn.blog\/zoom-faq\/\" target=\"_blank\" rel=\"noreferrer noopener\">erwachsenenbildung-ekhn.blog<\/a><\/p>\n\n\n\n<ul class=\"wp-block-list\">\n<li>Unter dieser Adresse findet ihr eine Sammlung mit Tipps und Anregungen zum Einsatz der Software. Alle Beitr\u00e4ge, die dort zu Zoom erschienen sind, liefert euch diese Adresse: <a href=\"https:\/\/erwachsenenbildung-ekhn.blog\/tag\/zoom\/\" data-type=\"URL\" data-id=\"https:\/\/erwachsenenbildung-ekhn.blog\/tag\/zoom\/\" target=\"_blank\" rel=\"noreferrer noopener\">Zoombeitr\u00e4ge im Blog von EKHN<\/a><\/li>\n<\/ul>\n\n\n\n<p class=\"wp-block-paragraph\"><\/p>\n","protected":false},"excerpt":{"rendered":"<p>Die Landesorganisationen der kath. und ev. Erwachsenenbildung sowie die kath. Familienbildungsst\u00e4tten im Saarland organisieren seit 2021 Fortbildungen f\u00fcr die Kursleitenden ihrer Einrichtungen. Am 17.12. 2021 hat die Auftaktveranstaltung im Oswald-von-Nell-Breuning-Haus in Dillingen stattgefunden. Nach einem einf\u00fchrenden Impuls zum Thema &#8222;Was ist zeitgem\u00e4\u00dfe Bildung?&#8220; haben wir uns mit den Grundfunktionen von Zoom besch\u00e4ftigt. Hier im Blog&#8230;<\/p>\n","protected":false},"author":3,"featured_media":0,"parent":0,"menu_order":0,"comment_status":"closed","ping_status":"closed","template":"","meta":{"_crdt_document":"","_coblocks_attr":"","_coblocks_dimensions":"","_coblocks_responsive_height":"","_coblocks_accordion_ie_support":"","footnotes":""},"class_list":["post-976","page","type-page","status-publish","hentry"],"_links":{"self":[{"href":"https:\/\/ankersetzen.de\/fbs\/wp-json\/wp\/v2\/pages\/976","targetHints":{"allow":["GET"]}}],"collection":[{"href":"https:\/\/ankersetzen.de\/fbs\/wp-json\/wp\/v2\/pages"}],"about":[{"href":"https:\/\/ankersetzen.de\/fbs\/wp-json\/wp\/v2\/types\/page"}],"author":[{"embeddable":true,"href":"https:\/\/ankersetzen.de\/fbs\/wp-json\/wp\/v2\/users\/3"}],"replies":[{"embeddable":true,"href":"https:\/\/ankersetzen.de\/fbs\/wp-json\/wp\/v2\/comments?post=976"}],"version-history":[{"count":7,"href":"https:\/\/ankersetzen.de\/fbs\/wp-json\/wp\/v2\/pages\/976\/revisions"}],"predecessor-version":[{"id":1928,"href":"https:\/\/ankersetzen.de\/fbs\/wp-json\/wp\/v2\/pages\/976\/revisions\/1928"}],"wp:attachment":[{"href":"https:\/\/ankersetzen.de\/fbs\/wp-json\/wp\/v2\/media?parent=976"}],"curies":[{"name":"wp","href":"https:\/\/api.w.org\/{rel}","templated":true}]}}