{"id":434,"date":"2020-11-02T16:58:02","date_gmt":"2020-11-02T15:58:02","guid":{"rendered":"https:\/\/ankersetzen.de\/fbs\/?page_id=434"},"modified":"2023-01-30T12:54:27","modified_gmt":"2023-01-30T11:54:27","slug":"sicherer-umgang-mit-smartphone-tablet-und-pc","status":"publish","type":"page","link":"https:\/\/ankersetzen.de\/fbs\/sicherer-umgang-mit-smartphone-tablet-und-pc\/","title":{"rendered":"Sicherer Umgang mit Smartphone, Tablet und PC"},"content":{"rendered":"<p>Ein Schwerpunktthema im Projekt \u201eGute Arbeit. Diakonie.\u201c ist die Digitalisierung in ihren vielf\u00e4ltigen Auspr\u00e4gungen in den Feldern der Personal- und Organisationsentwicklung.<\/p>\n<p>Am 30. Oktober 2020 fand ein erster Workshop \u201cSicherheit und Sicherer Umgang mit Smartphone, Tablet und PC\u201d in der Familienbildungsst\u00e4tte statt. Im Blog sammeln wir das Material zu den Themen. Hier findet ihr die Themen\u00fcbersicht, die Links f\u00fchren zu den Beitr\u00e4gen. Bitte lest auch die jeweiligen Kommentare f\u00fcr weitere Infos:<\/p>\n<p>Folgende Themen sind abrufbar:<\/p>\n<p><a href=\"https:\/\/ankersetzen.de\/fbs\/2020\/12\/09\/pc-grundausstattung-mit-freier-software\/\">PC Grundausstattung mit freier Software<\/a><\/p>\n<p><a href=\"https:\/\/ankersetzen.de\/fbs\/2020\/11\/02\/neue-gefahren-und-angreifer-im-netz\/\">Neue Gefahren und Angreifer im Netz\/Surfen in fremden Netzen<\/a><\/p>\n<p><a href=\"https:\/\/ankersetzen.de\/fbs\/2020\/11\/02\/basiswissen-smartphone-und-tablet\/\">Basiswissen Smartphone und Tablet<\/a><\/p>\n<p><a href=\"https:\/\/ankersetzen.de\/fbs\/2020\/11\/02\/datensicherung-am-pc\/\">Datensicherung am PC<\/a><\/p>\n<p><a href=\"https:\/\/ankersetzen.de\/fbs\/2020\/11\/12\/arbeiten-mit-thunderbird\/\">Arbeiten mit Thunderbird<\/a><\/p>\n<p><a href=\"https:\/\/ankersetzen.de\/fbs\/2020\/11\/12\/spurenarmes-und-sicheres-surfen\/\">Spurenarmes und sicheres Surfen<\/a><\/p>\n<p><a href=\"https:\/\/ankersetzen.de\/fbs\/2020\/11\/12\/basiswissen-pc\/\">Basiswissen PC<\/a><\/p>\n","protected":false},"excerpt":{"rendered":"<p>Ein Schwerpunktthema im Projekt \u201eGute Arbeit. Diakonie.\u201c ist die Digitalisierung in ihren vielf\u00e4ltigen Auspr\u00e4gungen in den Feldern der Personal- und Organisationsentwicklung. Am 30. Oktober 2020 fand ein erster Workshop \u201cSicherheit und Sicherer Umgang mit Smartphone, Tablet und PC\u201d in der Familienbildungsst\u00e4tte statt. Im Blog sammeln wir das Material zu den Themen. Hier findet ihr die&#8230;<\/p>\n","protected":false},"author":3,"featured_media":0,"parent":0,"menu_order":0,"comment_status":"closed","ping_status":"closed","template":"","meta":{"_crdt_document":"","_coblocks_attr":"","_coblocks_dimensions":"","_coblocks_responsive_height":"","_coblocks_accordion_ie_support":"","footnotes":""},"class_list":["post-434","page","type-page","status-publish","hentry"],"_links":{"self":[{"href":"https:\/\/ankersetzen.de\/fbs\/wp-json\/wp\/v2\/pages\/434","targetHints":{"allow":["GET"]}}],"collection":[{"href":"https:\/\/ankersetzen.de\/fbs\/wp-json\/wp\/v2\/pages"}],"about":[{"href":"https:\/\/ankersetzen.de\/fbs\/wp-json\/wp\/v2\/types\/page"}],"author":[{"embeddable":true,"href":"https:\/\/ankersetzen.de\/fbs\/wp-json\/wp\/v2\/users\/3"}],"replies":[{"embeddable":true,"href":"https:\/\/ankersetzen.de\/fbs\/wp-json\/wp\/v2\/comments?post=434"}],"version-history":[{"count":10,"href":"https:\/\/ankersetzen.de\/fbs\/wp-json\/wp\/v2\/pages\/434\/revisions"}],"predecessor-version":[{"id":1386,"href":"https:\/\/ankersetzen.de\/fbs\/wp-json\/wp\/v2\/pages\/434\/revisions\/1386"}],"wp:attachment":[{"href":"https:\/\/ankersetzen.de\/fbs\/wp-json\/wp\/v2\/media?parent=434"}],"curies":[{"name":"wp","href":"https:\/\/api.w.org\/{rel}","templated":true}]}}