{"id":283,"date":"2020-10-12T14:19:46","date_gmt":"2020-10-12T12:19:46","guid":{"rendered":"https:\/\/ankersetzen.de\/fbs\/?page_id=283"},"modified":"2023-01-30T12:54:01","modified_gmt":"2023-01-30T11:54:01","slug":"tools-und-werkzeuge-fuer-projekt-gute-arbeit-diakonie","status":"publish","type":"page","link":"https:\/\/ankersetzen.de\/fbs\/tools-und-werkzeuge-fuer-projekt-gute-arbeit-diakonie\/","title":{"rendered":"Werkzeuge f\u00fcr das Projekt \u201eGute Arbeit. Diakonie.\u201c"},"content":{"rendered":"<p>Ein Schwerpunktthema im Projekt <a href=\"https:\/\/www.diakonie-saar.de\/news\/Projekt-Gute-Arbeit-Diakonie-mit-Rueckenwind-gestartet\" target=\"_blank\" rel=\"noopener noreferrer\">\u201eGute Arbeit. Diakonie.\u201c<\/a> ist die Digitalisierung in ihren vielf\u00e4ltigen Auspr\u00e4gungen in den Feldern der\u00a0 Personal- und Organisationsentwicklung.<\/p>\n<p>Am 8. Oktober 2020 fand ein erster Workshop &#8222;Ein digitaler Werkzeugkasten &#8211; Tools und Anwendungen f\u00fcr den digitalen Alltag&#8220; in der Familienbildungsst\u00e4tte statt. Im Blog sammeln wir das Material zu den acht Themen in einzelnen Beitr\u00e4gen. Hier findet ihr die Themen\u00fcbersicht, die Links f\u00fchren zu den entsprechenden Tools und Werkzeugen. Bitte lest auch die jeweiligen Kommentare f\u00fcr weitere Infos:<\/p>\n<p><a href=\"https:\/\/ankersetzen.de\/fbs\/2020\/12\/09\/facebook-und-instagram\/\">Facebook und Instagram<\/a><\/p>\n<p><a href=\"https:\/\/ankersetzen.de\/fbs\/2020\/10\/12\/der-passwortmanager-keepass\/\">Der Passwortmanager KeePass<\/a><\/p>\n<p><a href=\"https:\/\/ankersetzen.de\/fbs\/2020\/10\/14\/auswahl-digitaler-werkzeuge-fuer-die-quartiers-und-nachbarschaftsarbeit\/\">Auswahl digitaler Werkzeuge f\u00fcr die Quartiers- und Nachbarschaftsarbeit<\/a><\/p>\n<p><a href=\"https:\/\/ankersetzen.de\/fbs\/2020\/10\/15\/videokonferenzen-mit-zoom-2\/\">Videokonferenzen mit Zoom<\/a><\/p>\n<p><a href=\"https:\/\/ankersetzen.de\/fbs\/2020\/10\/15\/clouddienste-sinnvoll-nutzen\/\">Clouddienste sinnvoll nutzen<\/a><\/p>\n<p><a href=\"https:\/\/ankersetzen.de\/fbs\/2020\/10\/19\/urheberrecht-und-freie-lizenzen\/\">Urheberrecht und freie Lizenzen<\/a><\/p>\n<p><a href=\"https:\/\/ankersetzen.de\/fbs\/2020\/10\/22\/kleine-helfer-fuer-den-digitalen-alltag\/\">Kleine Helfer f\u00fcr den digitalen Alltag<\/a><\/p>\n<p><a href=\"https:\/\/ankersetzen.de\/fbs\/2020\/10\/20\/design-thinking\/\" target=\"_blank\" rel=\"noopener noreferrer\">Exkurs: Design Thinking<\/a><\/p>\n<p><a href=\"https:\/\/ankersetzen.de\/fbs\/2020\/11\/02\/verschluesselung-mit-gpg4win-und-veracrypt\/\">Verschl\u00fcsselung mit gpg4win und Veracrypt<\/a><\/p>\n","protected":false},"excerpt":{"rendered":"<p>Ein Schwerpunktthema im Projekt \u201eGute Arbeit. Diakonie.\u201c ist die Digitalisierung in ihren vielf\u00e4ltigen Auspr\u00e4gungen in den Feldern der\u00a0 Personal- und Organisationsentwicklung. Am 8. Oktober 2020 fand ein erster Workshop &#8222;Ein digitaler Werkzeugkasten &#8211; Tools und Anwendungen f\u00fcr den digitalen Alltag&#8220; in der Familienbildungsst\u00e4tte statt. Im Blog sammeln wir das Material zu den acht Themen in&#8230;<\/p>\n","protected":false},"author":3,"featured_media":0,"parent":0,"menu_order":0,"comment_status":"closed","ping_status":"closed","template":"","meta":{"_crdt_document":"","_coblocks_attr":"","_coblocks_dimensions":"","_coblocks_responsive_height":"","_coblocks_accordion_ie_support":"","footnotes":""},"class_list":["post-283","page","type-page","status-publish","hentry"],"_links":{"self":[{"href":"https:\/\/ankersetzen.de\/fbs\/wp-json\/wp\/v2\/pages\/283","targetHints":{"allow":["GET"]}}],"collection":[{"href":"https:\/\/ankersetzen.de\/fbs\/wp-json\/wp\/v2\/pages"}],"about":[{"href":"https:\/\/ankersetzen.de\/fbs\/wp-json\/wp\/v2\/types\/page"}],"author":[{"embeddable":true,"href":"https:\/\/ankersetzen.de\/fbs\/wp-json\/wp\/v2\/users\/3"}],"replies":[{"embeddable":true,"href":"https:\/\/ankersetzen.de\/fbs\/wp-json\/wp\/v2\/comments?post=283"}],"version-history":[{"count":10,"href":"https:\/\/ankersetzen.de\/fbs\/wp-json\/wp\/v2\/pages\/283\/revisions"}],"predecessor-version":[{"id":1385,"href":"https:\/\/ankersetzen.de\/fbs\/wp-json\/wp\/v2\/pages\/283\/revisions\/1385"}],"wp:attachment":[{"href":"https:\/\/ankersetzen.de\/fbs\/wp-json\/wp\/v2\/media?parent=283"}],"curies":[{"name":"wp","href":"https:\/\/api.w.org\/{rel}","templated":true}]}}