{"id":1566,"date":"2023-06-05T09:50:04","date_gmt":"2023-06-05T07:50:04","guid":{"rendered":"https:\/\/ankersetzen.de\/fbs\/?page_id=1566"},"modified":"2024-06-03T14:40:27","modified_gmt":"2024-06-03T12:40:27","slug":"ki-in-der-bildung","status":"publish","type":"page","link":"https:\/\/ankersetzen.de\/fbs\/mini-kompendium-ki\/ki-in-der-bildung\/","title":{"rendered":"KI in der Bildung"},"content":{"rendered":"\n<p class=\"wp-block-paragraph\"><strong>Stand 3.06.202<\/strong>4<\/p>\n\n\n\n<p class=\"has-very-light-gray-to-cyan-bluish-gray-gradient-background has-background wp-block-paragraph\"><a href=\"https:\/\/ai.lernos.org\/de\" target=\"_blank\" rel=\"noreferrer noopener\">https:\/\/ai.lernos.org\/de<\/a><\/p>\n\n\n\n<ul class=\"wp-block-list\">\n<li>lernOS K\u00fcnstliche Intelligenz (KI) <\/li>\n<\/ul>\n\n\n\n<p class=\"has-very-light-gray-to-cyan-bluish-gray-gradient-background has-background wp-block-paragraph\"><a href=\"https:\/\/hochschulforumdigitalisierung.de\/dossier\/generative-ki\/\">https:\/\/hochschulforumdigitalisierung.de\/dossier\/generative-ki\/<\/a><\/p>\n\n\n\n<ul class=\"wp-block-list\">\n<li>Generative KI mit Blick auf die Hochschulen<\/li>\n<\/ul>\n\n\n\n<figure class=\"wp-block-embed is-type-video is-provider-youtube wp-block-embed-youtube wp-embed-aspect-16-9 wp-has-aspect-ratio\"><div class=\"wp-block-embed__wrapper\">\n\t\t<div class=\"embed-privacy-container is-disabled embed-youtube\" data-embed-id=\"oembed_acc5c5bd2276e0f9399805e8ec8fa059\" data-embed-provider=\"youtube\" style=\"aspect-ratio: 640\/360;\">\t\t\t\t\t\t<button type=\"button\" class=\"embed-privacy-enable screen-reader-text\">\u201eKOMPLETTE POWERPOINT MIT CHATGPT &#8211; Inhalt und Design vorgeben und PPTX-Datei herunterladen\u201c von YouTube anzeigen<\/button>\t\t\t\t\t\t<div class=\"embed-privacy-overlay\">\t\t\t\t<div class=\"embed-privacy-inner\">\t\t\t\t\t<div class=\"embed-privacy-logo\" style=\"background-image: url(https:\/\/ankersetzen.de\/fbs\/wp-content\/plugins\/embed-privacy\/assets\/images\/embed-youtube.png?ver=1.12.3);\"><\/div>\t\t<p>\t\tHier klicken, um den Inhalt von YouTube anzuzeigen.\t\t\t\t\t<br>\t\t\t\t\tErfahre mehr in der <a href=\"https:\/\/policies.google.com\/privacy?hl=de\" target=\"_blank\">Datenschutzerkl\u00e4rung von YouTube<\/a>.\t\t<\/p>\t\t<p class=\"embed-privacy-input-wrapper\">\t\t\t<input id=\"embed-privacy-store-youtube-acc5c5bd2276e0f9399805e8ec8fa059\" type=\"checkbox\" value=\"1\" class=\"embed-privacy-input\" data-embed-provider=\"youtube\">\t\t\t<label for=\"embed-privacy-store-youtube-acc5c5bd2276e0f9399805e8ec8fa059\" class=\"embed-privacy-label\" data-embed-provider=\"youtube\">\t\t\t\tInhalt von YouTube immer anzeigen\t\t\t<\/label>\t\t<\/p>\t\t\t\t\t\t<\/div>\t\t\t\t\t\t\t\t<div class=\"embed-privacy-footer\"><span class=\"embed-privacy-url\"><a href=\"https:\/\/www.youtube.com\/watch?v=aRrCrlnFKfo\">\u201eKOMPLETTE POWERPOINT MIT CHATGPT &#8211; Inhalt und Design vorgeben und PPTX-Datei herunterladen\u201c direkt \u00f6ffnen<\/a><\/span><\/div>\t\t\t<\/div>\t\t\t\t\t\t<div class=\"embed-privacy-content\">\t\t\t\t<script>var _oembed_acc5c5bd2276e0f9399805e8ec8fa059 = '{\\\"embed\\\":\\\"&lt;iframe title=&quot;KOMPLETTE POWERPOINT MIT CHATGPT - Inhalt und Design vorgeben und PPTX-Datei herunterladen&quot; width=&quot;640&quot; height=&quot;360&quot; src=&quot;https:\\\\\/\\\\\/www.youtube-nocookie.com\\\\\/embed\\\\\/aRrCrlnFKfo?feature=oembed&quot; frameborder=&quot;0&quot; allow=&quot;accelerometer; autoplay; clipboard-write; encrypted-media; gyroscope; picture-in-picture; web-share&quot; referrerpolicy=&quot;strict-origin-when-cross-origin&quot; allowfullscreen&gt;&lt;\\\\\/iframe&gt;\\\"}';<\/script>\t\t\t<\/div>\t\t<\/div>\t\t\n<\/div><figcaption class=\"wp-element-caption\">Das Video zeigt, wie es funktioniert. In den Fu\u00dfnoten zum Video auf YouTube wird erkl\u00e4rt, wie es auch ohne die kostenpflichtige Version von ChatGPT klappt.<\/figcaption><\/figure>\n\n\n\n<p class=\"has-very-light-gray-to-cyan-bluish-gray-gradient-background has-background wp-block-paragraph\"><a href=\"https:\/\/view.genial.ly\/6490584fa4767300183e9f47\/interactive-content-grundbegriffe-zur-ki-in-der-bildung\" target=\"_blank\" rel=\"noreferrer noopener\">https:\/\/view.genial.ly\/6490584fa4767300183e9f47\/interactive-content-grundbegriffe-zur-ki-in-der-bildung<\/a><\/p>\n\n\n\n<ul class=\"wp-block-list\">\n<li>Grundbegriffe der K\u00fcnstlichen Intelligenz in einer interaktiven Grafik<\/li>\n<\/ul>\n\n\n\n<p class=\"has-very-light-gray-to-cyan-bluish-gray-gradient-background has-background wp-block-paragraph\"><a href=\"https:\/\/ki-und-alter.de\/\" target=\"_blank\" rel=\"noreferrer noopener\">https:\/\/ki-und-alter.de\/<\/a><\/p>\n\n\n\n<ul class=\"wp-block-list\">\n<li>Das Projekt \u201eKI f\u00fcr ein gutes Altern\u201c der BAGSO vermittelt \u00e4lteren Menschen Kompetenzen rund um das Thema KI. <\/li>\n<\/ul>\n\n\n\n<p class=\"has-very-light-gray-to-cyan-bluish-gray-gradient-background has-background wp-block-paragraph\"><a rel=\"noreferrer noopener\" href=\"https:\/\/mia.phsz.ch\/LLM\/\" target=\"_blank\">https:\/\/mia.phsz.ch\/LLM\/<\/a><\/p>\n\n\n\n<ul class=\"wp-block-list\">\n<li>Wiki des Fachkerns Medien und Informatik der P\u00e4dagogischen Hochschule Schwy zu ChatGPT: Erkl\u00e4rungen, Praktische Anwendungen, Kurse etc.<\/li>\n<\/ul>\n\n\n\n<p class=\"has-very-light-gray-to-cyan-bluish-gray-gradient-background has-background wp-block-paragraph\"><a rel=\"noreferrer noopener\" href=\"https:\/\/www.manuelflick.de\/\" target=\"_blank\">https:\/\/www.manuelflick.de\/<\/a><\/p>\n\n\n\n<ul class=\"wp-block-list\">\n<li>Digitalen Unterricht, Organisation und Zeitmanagement f\u00fcr Lehrkr\u00e4fte und ein wunderbarer ChatGPT-Guide f\u00fcr Lehrkr\u00e4fte 2.0<\/li>\n<\/ul>\n\n\n\n<p class=\"has-very-light-gray-to-cyan-bluish-gray-gradient-background has-background wp-block-paragraph\"><a href=\"https:\/\/course.elementsofai.com\/de\/\" target=\"_blank\" rel=\"noreferrer noopener\">https:\/\/course.elementsofai.com<\/a><a href=\"https:\/\/course.elementsofai.com\/de\/\">\/de\/<\/a><\/p>\n\n\n\n<ul class=\"wp-block-list\">\n<li>Kostenfreier Kurs zu den Grundlagen von K\u00fcnstlicher Intelligenz<\/li>\n<\/ul>\n\n\n\n<p class=\"has-very-light-gray-to-cyan-bluish-gray-gradient-background has-background wp-block-paragraph\"><a rel=\"noreferrer noopener\" href=\"https:\/\/www.udemy.com\/share\/108fRG3@JcFTq8Lp82-sIlOk-Qn3oVrcaMAcLgjZtVGVdyqzoE6uwc6-V0dKrsEJsUvCX6MI\/\" target=\"_blank\">https:\/\/www.udemy.com\/share\/108fRG3@JcFTq8Lp82-sIlOk-Qn3oVrcaMAcLgjZtVGVdyqzoE6uwc6-V0dKrsEJsUvCX6MI\/<\/a><\/p>\n\n\n\n<ul class=\"wp-block-list\">\n<li>Kostenpflichtiger Kurs bei Udemy mit Erkl\u00e4rungen und Tipps zum Thema KI in der (Hochschul-)Bildung<\/li>\n<\/ul>\n\n\n\n<figure class=\"wp-block-embed aligncenter is-type-wp-embed is-provider-fobizz wp-block-embed-fobizz\"><div class=\"wp-block-embed__wrapper\">\n\t\t<div class=\"embed-privacy-container is-disabled embed-fobizz-com\" data-embed-id=\"oembed_fb06cfd5569c3eb28864f849f00ef9e5\" data-embed-provider=\"fobizz-com\" style=\"aspect-ratio: 600\/338;\">\t\t\t\t\t\t<button type=\"button\" class=\"embed-privacy-enable screen-reader-text\">\u201e\u201eKI Assistenz | fobizz Tools\u201c \u2014 fobizz\u201c von fobizz.com anzeigen<\/button>\t\t\t\t\t\t<div class=\"embed-privacy-overlay\">\t\t\t\t<div class=\"embed-privacy-inner\">\t\t\t\t\t\t\t<p>\t\tHier klicken, um den Inhalt von fobizz.com anzuzeigen.\t\t<\/p>\t\t<p class=\"embed-privacy-input-wrapper\">\t\t\t<input id=\"embed-privacy-store-fobizz-com-fb06cfd5569c3eb28864f849f00ef9e5\" type=\"checkbox\" value=\"1\" class=\"embed-privacy-input\" data-embed-provider=\"fobizz-com\">\t\t\t<label for=\"embed-privacy-store-fobizz-com-fb06cfd5569c3eb28864f849f00ef9e5\" class=\"embed-privacy-label\" data-embed-provider=\"fobizz-com\">\t\t\t\tInhalt von fobizz.com immer anzeigen\t\t\t<\/label>\t\t<\/p>\t\t\t\t\t\t<\/div>\t\t\t\t\t\t\t\t<div class=\"embed-privacy-footer\"><span class=\"embed-privacy-url\"><a href=\"https:\/\/fobizz.com\/ki-assistenz-fobizz-tools\">\u201e\u201eKI Assistenz | fobizz Tools\u201c \u2014 fobizz\u201c direkt \u00f6ffnen<\/a><\/span><\/div>\t\t\t<\/div>\t\t\t\t\t\t<div class=\"embed-privacy-content\">\t\t\t\t<script>var _oembed_fb06cfd5569c3eb28864f849f00ef9e5 = '{\\\"embed\\\":\\\"&lt;blockquote class=&quot;wp-embedded-content&quot; data-secret=&quot;aMucvS7F7o&quot;&gt;&lt;a href=&quot;https:\\\\\/\\\\\/fobizz.com\\\\\/ki-assistenz-fobizz-tools\\\\\/&quot;&gt;KI Assistenz | fobizz Tools&lt;\\\\\/a&gt;&lt;\\\\\/blockquote&gt;&lt;iframe class=&quot;wp-embedded-content&quot; sandbox=&quot;allow-scripts&quot; security=&quot;restricted&quot; style=&quot;position: absolute; clip: rect(1px, 1px, 1px, 1px);&quot; title=&quot;&amp;#8222;KI Assistenz | fobizz Tools&amp;#8220; &amp;#8212; fobizz&quot; src=&quot;https:\\\\\/\\\\\/fobizz.com\\\\\/ki-assistenz-fobizz-tools\\\\\/embed\\\\\/#?secret=0ZBMa6MEha#?secret=aMucvS7F7o&quot; data-secret=&quot;aMucvS7F7o&quot; width=&quot;600&quot; height=&quot;338&quot; frameborder=&quot;0&quot; marginwidth=&quot;0&quot; marginheight=&quot;0&quot; scrolling=&quot;no&quot;&gt;&lt;\\\\\/iframe&gt;\\\"}';<\/script>\t\t\t<\/div>\t\t<\/div>\t\t\n<\/div><\/figure>\n\n\n\n<ul class=\"wp-block-list\">\n<li>Pers\u00f6nliche KI-Assistenz f\u00fcr den Unterricht &#8211; Nach einer kostenfreien Registrierung kann auf verschiedene Anwendungen von OpenAI zugegriffen werden<\/li>\n<\/ul>\n\n\n\n<figure class=\"wp-block-embed aligncenter is-type-wp-embed is-provider-unterrichten-digital wp-block-embed-unterrichten-digital\"><div class=\"wp-block-embed__wrapper\">\n\t\t<div class=\"embed-privacy-container is-disabled embed-unterrichten-digital\" data-embed-id=\"oembed_6299ab9f4c3d21fb45648a0c27d2cb5d\" data-embed-provider=\"unterrichten-digital\" style=\"aspect-ratio: 600\/338;\">\t\t\t\t\t\t<button type=\"button\" class=\"embed-privacy-enable screen-reader-text\">\u201e\u201eK\u00fcnstliche Intelligenz (KI) \/ ChatGPT in Schule und Unterricht \u2013 \u00dcberblick, Tools und Fortbildung\u201c \u2014 Unterrichten Digital\u201c von unterrichten.digital anzeigen<\/button>\t\t\t\t\t\t<div class=\"embed-privacy-overlay\">\t\t\t\t<div class=\"embed-privacy-inner\">\t\t\t\t\t\t\t<p>\t\tHier klicken, um den Inhalt von unterrichten.digital anzuzeigen.\t\t<\/p>\t\t<p class=\"embed-privacy-input-wrapper\">\t\t\t<input id=\"embed-privacy-store-unterrichten-digital-6299ab9f4c3d21fb45648a0c27d2cb5d\" type=\"checkbox\" value=\"1\" class=\"embed-privacy-input\" data-embed-provider=\"unterrichten-digital\">\t\t\t<label for=\"embed-privacy-store-unterrichten-digital-6299ab9f4c3d21fb45648a0c27d2cb5d\" class=\"embed-privacy-label\" data-embed-provider=\"unterrichten-digital\">\t\t\t\tInhalt von unterrichten.digital immer anzeigen\t\t\t<\/label>\t\t<\/p>\t\t\t\t\t\t<\/div>\t\t\t\t\t\t\t\t<div class=\"embed-privacy-footer\"><span class=\"embed-privacy-url\"><a href=\"https:\/\/unterrichten.digital\/2022\/12\/10\/kuenstliche-intelligenz-ki-schule-unterricht\">\u201e\u201eK\u00fcnstliche Intelligenz (KI) \/ ChatGPT in Schule und Unterricht \u2013 \u00dcberblick, Tools und Fortbildung\u201c \u2014 Unterrichten Digital\u201c direkt \u00f6ffnen<\/a><\/span><\/div>\t\t\t<\/div>\t\t\t\t\t\t<div class=\"embed-privacy-content\">\t\t\t\t<script>var _oembed_6299ab9f4c3d21fb45648a0c27d2cb5d = '{\\\"embed\\\":\\\"&lt;blockquote class=&quot;wp-embedded-content&quot; data-secret=&quot;wIPYr19zUa&quot;&gt;&lt;a href=&quot;https:\\\\\/\\\\\/unterrichten.digital\\\\\/2022\\\\\/12\\\\\/10\\\\\/kuenstliche-intelligenz-ki-schule-unterricht\\\\\/&quot;&gt;K&uuml;nstliche Intelligenz (KI) \\\\\/ ChatGPT in Schule und Unterricht &amp;#8211; &Uuml;berblick, Tools und Fortbildung&lt;\\\\\/a&gt;&lt;\\\\\/blockquote&gt;&lt;iframe class=&quot;wp-embedded-content&quot; sandbox=&quot;allow-scripts&quot; security=&quot;restricted&quot; style=&quot;position: absolute; clip: rect(1px, 1px, 1px, 1px);&quot; title=&quot;&amp;#8222;K&uuml;nstliche Intelligenz (KI) \\\\\/ ChatGPT in Schule und Unterricht &amp;#8211; &Uuml;berblick, Tools und Fortbildung&amp;#8220; &amp;#8212; Unterrichten Digital&quot; src=&quot;https:\\\\\/\\\\\/unterrichten.digital\\\\\/2022\\\\\/12\\\\\/10\\\\\/kuenstliche-intelligenz-ki-schule-unterricht\\\\\/embed\\\\\/#?secret=VlJLk3aWRc#?secret=wIPYr19zUa&quot; data-secret=&quot;wIPYr19zUa&quot; width=&quot;600&quot; height=&quot;338&quot; frameborder=&quot;0&quot; marginwidth=&quot;0&quot; marginheight=&quot;0&quot; scrolling=&quot;no&quot;&gt;&lt;\\\\\/iframe&gt;\\\"}';<\/script>\t\t\t<\/div>\t\t<\/div>\t\t\n<\/div><\/figure>\n\n\n\n<ul class=\"wp-block-list\">\n<li>Vorstellung verschiedener Anwendungen mit dem Schwerpunkt Schule<\/li>\n<\/ul>\n\n\n\n<div style=\"height:100px\" aria-hidden=\"true\" class=\"wp-block-spacer\"><\/div>\n\n\n\n<p class=\"has-very-light-gray-to-cyan-bluish-gray-gradient-background has-background wp-block-paragraph\"><a href=\"https:\/\/ki-campus.org\/\" target=\"_blank\" rel=\"noreferrer noopener\">https:\/\/ki-campus.org\/<\/a><\/p>\n\n\n\n<ul class=\"wp-block-list\">\n<li>&#8222;Die Lernplattform f\u00fcr K\u00fcnstliche Intelligenz&#8220; mit Kursen, Videos und Podcasts zum Thema<\/li>\n<\/ul>\n\n\n\n<div style=\"height:100px\" aria-hidden=\"true\" class=\"wp-block-spacer\"><\/div>\n\n\n\n<figure class=\"wp-block-embed is-type-video is-provider-youtube wp-block-embed-youtube wp-embed-aspect-16-9 wp-has-aspect-ratio\"><div class=\"wp-block-embed__wrapper\">\n\t\t<div class=\"embed-privacy-container is-disabled embed-youtube\" data-embed-id=\"oembed_4c104adb04434066c26c2549adb1a3f9\" data-embed-provider=\"youtube\" style=\"aspect-ratio: 640\/360;\">\t\t\t\t\t\t<button type=\"button\" class=\"embed-privacy-enable screen-reader-text\">\u201eWas ist KI-Kompetenz?\u201c von YouTube anzeigen<\/button>\t\t\t\t\t\t<div class=\"embed-privacy-overlay\">\t\t\t\t<div class=\"embed-privacy-inner\">\t\t\t\t\t<div class=\"embed-privacy-logo\" style=\"background-image: url(https:\/\/ankersetzen.de\/fbs\/wp-content\/plugins\/embed-privacy\/assets\/images\/embed-youtube.png?ver=1.12.3);\"><\/div>\t\t<p>\t\tHier klicken, um den Inhalt von YouTube anzuzeigen.\t\t\t\t\t<br>\t\t\t\t\tErfahre mehr in der <a href=\"https:\/\/policies.google.com\/privacy?hl=de\" target=\"_blank\">Datenschutzerkl\u00e4rung von YouTube<\/a>.\t\t<\/p>\t\t<p class=\"embed-privacy-input-wrapper\">\t\t\t<input id=\"embed-privacy-store-youtube-4c104adb04434066c26c2549adb1a3f9\" type=\"checkbox\" value=\"1\" class=\"embed-privacy-input\" data-embed-provider=\"youtube\">\t\t\t<label for=\"embed-privacy-store-youtube-4c104adb04434066c26c2549adb1a3f9\" class=\"embed-privacy-label\" data-embed-provider=\"youtube\">\t\t\t\tInhalt von YouTube immer anzeigen\t\t\t<\/label>\t\t<\/p>\t\t\t\t\t\t<\/div>\t\t\t\t\t\t\t\t<div class=\"embed-privacy-footer\"><span class=\"embed-privacy-url\"><a href=\"https:\/\/www.youtube.com\/watch?v=KEmHkx7yRHg&#038;t=3s\">\u201eWas ist KI-Kompetenz?\u201c direkt \u00f6ffnen<\/a><\/span><\/div>\t\t\t<\/div>\t\t\t\t\t\t<div class=\"embed-privacy-content\">\t\t\t\t<script>var _oembed_4c104adb04434066c26c2549adb1a3f9 = '{\\\"embed\\\":\\\"&lt;iframe title=&quot;Was ist KI-Kompetenz?&quot; width=&quot;640&quot; height=&quot;360&quot; src=&quot;https:\\\\\/\\\\\/www.youtube-nocookie.com\\\\\/embed\\\\\/KEmHkx7yRHg?start=3&amp;feature=oembed&quot; frameborder=&quot;0&quot; allow=&quot;accelerometer; autoplay; clipboard-write; encrypted-media; gyroscope; picture-in-picture; web-share&quot; referrerpolicy=&quot;strict-origin-when-cross-origin&quot; allowfullscreen&gt;&lt;\\\\\/iframe&gt;\\\"}';<\/script>\t\t\t<\/div>\t\t<\/div>\t\t\n<\/div><\/figure>\n\n\n\n<ul class=\"wp-block-list\">\n<li>Was ist KI-Kompetenz?<\/li>\n<\/ul>\n\n\n\n<figure class=\"wp-block-embed is-type-wp-embed is-provider-ebildungslabor wp-block-embed-ebildungslabor\"><div class=\"wp-block-embed__wrapper\">\n\t\t<div class=\"embed-privacy-container is-disabled embed-ebildungslabor-de\" data-embed-id=\"oembed_4c14a854b1cc2607c1a4fbcbd58c87d9\" data-embed-provider=\"ebildungslabor-de\" style=\"aspect-ratio: 600\/338;\">\t\t\t\t\t\t<button type=\"button\" class=\"embed-privacy-enable screen-reader-text\">\u201e\u201eSo nutze ich ChatGPT zum Lernen und Arbeiten\u201c \u2014 eBildungslabor\u201c von ebildungslabor.de anzeigen<\/button>\t\t\t\t\t\t<div class=\"embed-privacy-overlay\">\t\t\t\t<div class=\"embed-privacy-inner\">\t\t\t\t\t\t\t<p>\t\tHier klicken, um den Inhalt von ebildungslabor.de anzuzeigen.\t\t<\/p>\t\t<p class=\"embed-privacy-input-wrapper\">\t\t\t<input id=\"embed-privacy-store-ebildungslabor-de-4c14a854b1cc2607c1a4fbcbd58c87d9\" type=\"checkbox\" value=\"1\" class=\"embed-privacy-input\" data-embed-provider=\"ebildungslabor-de\">\t\t\t<label for=\"embed-privacy-store-ebildungslabor-de-4c14a854b1cc2607c1a4fbcbd58c87d9\" class=\"embed-privacy-label\" data-embed-provider=\"ebildungslabor-de\">\t\t\t\tInhalt von ebildungslabor.de immer anzeigen\t\t\t<\/label>\t\t<\/p>\t\t\t\t\t\t<\/div>\t\t\t\t\t\t\t\t<div class=\"embed-privacy-footer\"><span class=\"embed-privacy-url\"><a href=\"https:\/\/ebildungslabor.de\/blog\/so-nutze-ich-chatgpt-zum-lernen-und-arbeiten\">\u201e\u201eSo nutze ich ChatGPT zum Lernen und Arbeiten\u201c \u2014 eBildungslabor\u201c direkt \u00f6ffnen<\/a><\/span><\/div>\t\t\t<\/div>\t\t\t\t\t\t<div class=\"embed-privacy-content\">\t\t\t\t<script>var _oembed_4c14a854b1cc2607c1a4fbcbd58c87d9 = '{\\\"embed\\\":\\\"&lt;blockquote class=&quot;wp-embedded-content&quot; data-secret=&quot;U55YFwx4Z5&quot;&gt;&lt;a href=&quot;https:\\\\\/\\\\\/ebildungslabor.de\\\\\/blog\\\\\/so-nutze-ich-chatgpt-zum-lernen-und-arbeiten\\\\\/&quot;&gt;So nutze ich ChatGPT zum Lernen und Arbeiten&lt;\\\\\/a&gt;&lt;\\\\\/blockquote&gt;&lt;iframe class=&quot;wp-embedded-content&quot; sandbox=&quot;allow-scripts&quot; security=&quot;restricted&quot; style=&quot;position: absolute; clip: rect(1px, 1px, 1px, 1px);&quot; title=&quot;&amp;#8222;So nutze ich ChatGPT zum Lernen und Arbeiten&amp;#8220; &amp;#8212; eBildungslabor&quot; src=&quot;https:\\\\\/\\\\\/ebildungslabor.de\\\\\/blog\\\\\/so-nutze-ich-chatgpt-zum-lernen-und-arbeiten\\\\\/embed\\\\\/#?secret=CbnnhTodXA#?secret=U55YFwx4Z5&quot; data-secret=&quot;U55YFwx4Z5&quot; width=&quot;600&quot; height=&quot;338&quot; frameborder=&quot;0&quot; marginwidth=&quot;0&quot; marginheight=&quot;0&quot; scrolling=&quot;no&quot;&gt;&lt;\\\\\/iframe&gt;\\\"}';<\/script>\t\t\t<\/div>\t\t<\/div>\t\t\n<\/div><\/figure>\n\n\n\n<ul class=\"wp-block-list\">\n<li>Nele Hirsch beschreibt, was aktuell mit CHATGPT gut und weniger gut funktioniert<\/li>\n<\/ul>\n\n\n\n<div style=\"height:100px\" aria-hidden=\"true\" class=\"wp-block-spacer\"><\/div>\n\n\n\n<figure class=\"wp-block-embed is-type-wp-embed is-provider-erwachsenenbildung-ekhn-blog wp-block-embed-erwachsenenbildung-ekhn-blog\"><div class=\"wp-block-embed__wrapper\">\n\t\t<div class=\"embed-privacy-container is-disabled embed-erwachsenenbildung-ekhn-blog\" data-embed-id=\"oembed_ba2d234dcea2d7034d84da44f9c64af5\" data-embed-provider=\"erwachsenenbildung-ekhn-blog\" style=\"aspect-ratio: 600\/338;\">\t\t\t\t\t\t<button type=\"button\" class=\"embed-privacy-enable screen-reader-text\">\u201e\u201eChatGPT in der Erwachsenenbildung\u201c \u2014 Erwachsenenbildung-EKHN.blog\u201c von erwachsenenbildung-ekhn.blog anzeigen<\/button>\t\t\t\t\t\t<div class=\"embed-privacy-overlay\">\t\t\t\t<div class=\"embed-privacy-inner\">\t\t\t\t\t\t\t<p>\t\tHier klicken, um den Inhalt von erwachsenenbildung-ekhn.blog anzuzeigen.\t\t<\/p>\t\t<p class=\"embed-privacy-input-wrapper\">\t\t\t<input id=\"embed-privacy-store-erwachsenenbildung-ekhn-blog-ba2d234dcea2d7034d84da44f9c64af5\" type=\"checkbox\" value=\"1\" class=\"embed-privacy-input\" data-embed-provider=\"erwachsenenbildung-ekhn-blog\">\t\t\t<label for=\"embed-privacy-store-erwachsenenbildung-ekhn-blog-ba2d234dcea2d7034d84da44f9c64af5\" class=\"embed-privacy-label\" data-embed-provider=\"erwachsenenbildung-ekhn-blog\">\t\t\t\tInhalt von erwachsenenbildung-ekhn.blog immer anzeigen\t\t\t<\/label>\t\t<\/p>\t\t\t\t\t\t<\/div>\t\t\t\t\t\t\t\t<div class=\"embed-privacy-footer\"><span class=\"embed-privacy-url\"><a href=\"https:\/\/erwachsenenbildung-ekhn.blog\/chatgpt-in-der-erwachsenenbildung\">\u201e\u201eChatGPT in der Erwachsenenbildung\u201c \u2014 Erwachsenenbildung-EKHN.blog\u201c direkt \u00f6ffnen<\/a><\/span><\/div>\t\t\t<\/div>\t\t\t\t\t\t<div class=\"embed-privacy-content\">\t\t\t\t<script>var _oembed_ba2d234dcea2d7034d84da44f9c64af5 = '{\\\"embed\\\":\\\"&lt;blockquote class=&quot;wp-embedded-content&quot; data-secret=&quot;zmYXb9Gqen&quot;&gt;&lt;a href=&quot;https:\\\\\/\\\\\/erwachsenenbildung-ekhn.blog\\\\\/chatgpt-in-der-erwachsenenbildung\\\\\/&quot;&gt;ChatGPT in der Erwachsenenbildung&lt;\\\\\/a&gt;&lt;\\\\\/blockquote&gt;&lt;iframe class=&quot;wp-embedded-content&quot; sandbox=&quot;allow-scripts&quot; security=&quot;restricted&quot; style=&quot;position: absolute; clip: rect(1px, 1px, 1px, 1px);&quot; title=&quot;&amp;#8222;ChatGPT in der Erwachsenenbildung&amp;#8220; &amp;#8212; Erwachsenenbildung-EKHN.blog&quot; src=&quot;https:\\\\\/\\\\\/erwachsenenbildung-ekhn.blog\\\\\/chatgpt-in-der-erwachsenenbildung\\\\\/embed\\\\\/#?secret=dKvYSWgnbT#?secret=zmYXb9Gqen&quot; data-secret=&quot;zmYXb9Gqen&quot; width=&quot;600&quot; height=&quot;338&quot; frameborder=&quot;0&quot; marginwidth=&quot;0&quot; marginheight=&quot;0&quot; scrolling=&quot;no&quot;&gt;&lt;\\\\\/iframe&gt;\\\"}';<\/script>\t\t\t<\/div>\t\t<\/div>\t\t\n<\/div><\/figure>\n\n\n\n<ul class=\"wp-block-list\">\n<li>ChatGPT in der Erwachsenenbildung<\/li>\n<\/ul>\n\n\n\n<div style=\"height:100px\" aria-hidden=\"true\" class=\"wp-block-spacer\"><\/div>\n\n\n\n<p class=\"has-very-light-gray-to-cyan-bluish-gray-gradient-background has-background wp-block-paragraph\"><a href=\"https:\/\/erwachsenenbildung.at\/digiprof\/neuigkeiten\/17953-die-naechste-disruptive-innovationc-hier-ist-sie.php\" target=\"_blank\" rel=\"noreferrer noopener\">https:\/\/erwachsenenbildung.at\/digiprof\/neuigkeiten\/17953-die-naechste-disruptive-innovationc-hier-ist-sie.php<\/a><\/p>\n\n\n\n<ul class=\"wp-block-list\">\n<li>Kurzbeschreibung von ChatGPT und Anwendungsbeispiele sowie ein Pl\u00e4doyer f\u00fcr Didaktik vor Kontrolle<\/li>\n<\/ul>\n\n\n\n<figure class=\"wp-block-embed is-type-video is-provider-youtube wp-block-embed-youtube wp-embed-aspect-16-9 wp-has-aspect-ratio\"><div class=\"wp-block-embed__wrapper\">\n\t\t<div class=\"embed-privacy-container is-disabled embed-youtube\" data-embed-id=\"oembed_c83bdf82be2d2ac5a4d2850421354067\" data-embed-provider=\"youtube\" style=\"aspect-ratio: 640\/360;\">\t\t\t\t\t\t<button type=\"button\" class=\"embed-privacy-enable screen-reader-text\">\u201eLernen und Lehren mit k\u00fcnstlicher Intelligenz (KI) \u2013 Wozu braucht es noch Menschen? (NLQ-Impulse 3)\u201c von YouTube anzeigen<\/button>\t\t\t\t\t\t<div class=\"embed-privacy-overlay\">\t\t\t\t<div class=\"embed-privacy-inner\">\t\t\t\t\t<div class=\"embed-privacy-logo\" style=\"background-image: url(https:\/\/ankersetzen.de\/fbs\/wp-content\/plugins\/embed-privacy\/assets\/images\/embed-youtube.png?ver=1.12.3);\"><\/div>\t\t<p>\t\tHier klicken, um den Inhalt von YouTube anzuzeigen.\t\t\t\t\t<br>\t\t\t\t\tErfahre mehr in der <a href=\"https:\/\/policies.google.com\/privacy?hl=de\" target=\"_blank\">Datenschutzerkl\u00e4rung von YouTube<\/a>.\t\t<\/p>\t\t<p class=\"embed-privacy-input-wrapper\">\t\t\t<input id=\"embed-privacy-store-youtube-c83bdf82be2d2ac5a4d2850421354067\" type=\"checkbox\" value=\"1\" class=\"embed-privacy-input\" data-embed-provider=\"youtube\">\t\t\t<label for=\"embed-privacy-store-youtube-c83bdf82be2d2ac5a4d2850421354067\" class=\"embed-privacy-label\" data-embed-provider=\"youtube\">\t\t\t\tInhalt von YouTube immer anzeigen\t\t\t<\/label>\t\t<\/p>\t\t\t\t\t\t<\/div>\t\t\t\t\t\t\t\t<div class=\"embed-privacy-footer\"><span class=\"embed-privacy-url\"><a href=\"https:\/\/www.youtube.com\/watch?v=5YiDzv67lYk\">\u201eLernen und Lehren mit k\u00fcnstlicher Intelligenz (KI) \u2013 Wozu braucht es noch Menschen? (NLQ-Impulse 3)\u201c direkt \u00f6ffnen<\/a><\/span><\/div>\t\t\t<\/div>\t\t\t\t\t\t<div class=\"embed-privacy-content\">\t\t\t\t<script>var _oembed_c83bdf82be2d2ac5a4d2850421354067 = '{\\\"embed\\\":\\\"&lt;iframe title=&quot;Lernen und Lehren mit k&uuml;nstlicher Intelligenz (KI) &ndash; Wozu braucht es noch Menschen? (NLQ-Impulse 3)&quot; width=&quot;640&quot; height=&quot;360&quot; src=&quot;https:\\\\\/\\\\\/www.youtube-nocookie.com\\\\\/embed\\\\\/5YiDzv67lYk?feature=oembed&quot; frameborder=&quot;0&quot; allow=&quot;accelerometer; autoplay; clipboard-write; encrypted-media; gyroscope; picture-in-picture; web-share&quot; referrerpolicy=&quot;strict-origin-when-cross-origin&quot; allowfullscreen&gt;&lt;\\\\\/iframe&gt;\\\"}';<\/script>\t\t\t<\/div>\t\t<\/div>\t\t\n<\/div><\/figure>\n\n\n\n<ul class=\"wp-block-list\">\n<li>J\u00f6ran Muu\u00df-Merholz erkl\u00e4rt einfach und anschaulich, was gemeint ist, wenn \u00fcber \u201eK\u00fcnstliche Intelligenz in der Bildung\u201c gesprochen wird.<\/li>\n<\/ul>\n\n\n\n<p class=\"has-very-light-gray-to-cyan-bluish-gray-gradient-background has-background wp-block-paragraph\"><a rel=\"noreferrer noopener\" href=\"https:\/\/www.heise.de\/select\/ct\/2023\/3\/2234607435104665729\" target=\"_blank\">https:\/\/www.heise.de\/select\/ct\/2023\/3\/2234607435104665729<\/a><\/p>\n\n\n\n<ul class=\"wp-block-list\">\n<li>Robert Lepenies (Pr\u00e4sident der Karlshochschule Karlsruhe) will KI in den Seminarbetrieb integrieren statt sie zu verbieten.<\/li>\n<\/ul>\n","protected":false},"excerpt":{"rendered":"<p>Stand 3.06.2024 https:\/\/ai.lernos.org\/de https:\/\/hochschulforumdigitalisierung.de\/dossier\/generative-ki\/ https:\/\/view.genial.ly\/6490584fa4767300183e9f47\/interactive-content-grundbegriffe-zur-ki-in-der-bildung https:\/\/ki-und-alter.de\/ https:\/\/mia.phsz.ch\/LLM\/ https:\/\/www.manuelflick.de\/ https:\/\/course.elementsofai.com\/de\/ https:\/\/www.udemy.com\/share\/108fRG3@JcFTq8Lp82-sIlOk-Qn3oVrcaMAcLgjZtVGVdyqzoE6uwc6-V0dKrsEJsUvCX6MI\/ https:\/\/ki-campus.org\/ https:\/\/erwachsenenbildung.at\/digiprof\/neuigkeiten\/17953-die-naechste-disruptive-innovationc-hier-ist-sie.php https:\/\/www.heise.de\/select\/ct\/2023\/3\/2234607435104665729<\/p>\n","protected":false},"author":3,"featured_media":0,"parent":1397,"menu_order":3,"comment_status":"closed","ping_status":"closed","template":"","meta":{"_crdt_document":"","_coblocks_attr":"","_coblocks_dimensions":"","_coblocks_responsive_height":"","_coblocks_accordion_ie_support":"","footnotes":""},"class_list":["post-1566","page","type-page","status-publish","hentry"],"_links":{"self":[{"href":"https:\/\/ankersetzen.de\/fbs\/wp-json\/wp\/v2\/pages\/1566","targetHints":{"allow":["GET"]}}],"collection":[{"href":"https:\/\/ankersetzen.de\/fbs\/wp-json\/wp\/v2\/pages"}],"about":[{"href":"https:\/\/ankersetzen.de\/fbs\/wp-json\/wp\/v2\/types\/page"}],"author":[{"embeddable":true,"href":"https:\/\/ankersetzen.de\/fbs\/wp-json\/wp\/v2\/users\/3"}],"replies":[{"embeddable":true,"href":"https:\/\/ankersetzen.de\/fbs\/wp-json\/wp\/v2\/comments?post=1566"}],"version-history":[{"count":10,"href":"https:\/\/ankersetzen.de\/fbs\/wp-json\/wp\/v2\/pages\/1566\/revisions"}],"predecessor-version":[{"id":1988,"href":"https:\/\/ankersetzen.de\/fbs\/wp-json\/wp\/v2\/pages\/1566\/revisions\/1988"}],"up":[{"embeddable":true,"href":"https:\/\/ankersetzen.de\/fbs\/wp-json\/wp\/v2\/pages\/1397"}],"wp:attachment":[{"href":"https:\/\/ankersetzen.de\/fbs\/wp-json\/wp\/v2\/media?parent=1566"}],"curies":[{"name":"wp","href":"https:\/\/api.w.org\/{rel}","templated":true}]}}