{"id":1397,"date":"2023-03-02T15:00:22","date_gmt":"2023-03-02T14:00:22","guid":{"rendered":"https:\/\/ankersetzen.de\/fbs\/?page_id=1397"},"modified":"2024-06-03T14:27:54","modified_gmt":"2024-06-03T12:27:54","slug":"mini-kompendium-ki","status":"publish","type":"page","link":"https:\/\/ankersetzen.de\/fbs\/mini-kompendium-ki\/","title":{"rendered":"Mini-Kompendium KI"},"content":{"rendered":"\n<p class=\"wp-block-paragraph\">Auf dem <a rel=\"noreferrer noopener\" href=\"https:\/\/ausbaldowercamp.de\" data-type=\"URL\" data-id=\"https:\/\/ausbaldowercamp.de\" target=\"_blank\">AusbaldowerCamp<\/a> hat Nina Oberl\u00e4nder (Mitarbeiterin im Team Online-Lernen der Bremer Volkshochschule) eine Session zum Thema &#8222;Ein spontanes Mini-Kompendium von KI Anwendungen, Kunstschaffenden und Experti*innen f\u00fcr die Erwachsenenbildung anlegen&#8220; angeboten. Trotz bester Absichten ist es uns nicht gelungen, \u00fcber den Tag hinaus an diesem Thema gemeinsam zu arbeiten. Fast t\u00e4glich sprie\u00dfen neue KI-Anwendungen aus dem Boden, f\u00fcr die wiederum Tools und Tipps angeboten werden. Was die Bedeutung von KI f\u00fcr die Weiterbildung und die Gesellschaft ist, wird wortreich und meinungsstark an vielen Orten diskutiert. Wie kann man da den \u00dcberblick behalten? &#8211; Kann man nicht, deswegen setzt die folgende Sammlung ein Schlaglicht, das an anderer Stelle anders gesetzt wird. <\/p>\n\n\n\n<p class=\"wp-block-paragraph\">Aus meiner Sicht sind die verlinkten Infos nachvollziehbar, verst\u00e4ndlich und von praktischem Wert f\u00fcr Interessierte, die sich mit dem Thema KI und Bildung besch\u00e4ftigen.<\/p>\n\n\n\n<p class=\"wp-block-paragraph\">Ich teile das Kompendium in verschiedene Seiten und schreibe zu jedem Link einen Kommentar. <\/p>\n\n\n\n<p class=\"has-text-align-center wp-block-paragraph\"><strong>Fassung 32 (3.06.2024), <\/strong><br><strong>Neue Eintr\u00e4ge stehen immer oben auf den Seiten, die hier farblich markiert sind<\/strong><\/p>\n\n\n\n<p class=\"wp-block-paragraph\">Aktuelle Infos zum Thema KI liefern folgende Internetseiten in einer eigenen Rubrik:<\/p>\n\n\n\n<p class=\"wp-block-paragraph\"><a href=\"https:\/\/www.heise.de\/thema\/Kuenstliche-Intelligenz\" data-type=\"link\" data-id=\"https:\/\/www.heise.de\/thema\/Kuenstliche-Intelligenz\">heise.de _ KI<\/a><\/p>\n\n\n\n<p class=\"wp-block-paragraph\"><a href=\"https:\/\/www.com-magazin.de\/kuenstliche-intelligenz-1229983.html\" data-type=\"link\" data-id=\"https:\/\/www.com-magazin.de\/kuenstliche-intelligenz-1229983.html\" target=\"_blank\" rel=\"noreferrer noopener\">com-Magazin &#8211; KI<\/a><\/p>\n\n\n\n<p class=\"wp-block-paragraph\"><a href=\"https:\/\/the-decoder.de\/\">the-decoder.de<\/a><\/p>\n\n\n\n<hr class=\"wp-block-separator has-alpha-channel-opacity\" \/>\n\n\n\n<p class=\"wp-block-paragraph\"><strong>Themen\u00fcbersicht<\/strong><\/p>\n\n\n\n<p class=\"has-white-background-color has-background wp-block-paragraph\"><strong><a href=\"https:\/\/ankersetzen.de\/fbs\/mini-kompendium-ki\/was-ist-ki\/\" data-type=\"page\" data-id=\"1562\">Was ist KI?<\/a><\/strong><\/p>\n\n\n\n<p class=\"has-white-background-color has-background wp-block-paragraph\"><a href=\"https:\/\/ankersetzen.de\/fbs\/mini-kompendium-ki\/ki-anwendungen\/\" data-type=\"page\" data-id=\"1564\"><strong>KI Anwendungen<\/strong><\/a><\/p>\n\n\n\n<p class=\"has-white-background-color has-background wp-block-paragraph\"><a href=\"https:\/\/ankersetzen.de\/fbs\/mini-kompendium-ki\/ki-in-der-bildung\/\" data-type=\"page\" data-id=\"1566\"><strong>KI in der Bildung<\/strong><\/a><\/p>\n\n\n\n<p class=\"has-text-align-left has-white-background-color has-background wp-block-paragraph\"><strong><a href=\"https:\/\/ankersetzen.de\/fbs\/mini-kompendium-ki\/ki-und-recht\/\" data-type=\"page\" data-id=\"1568\">KI und Recht<\/a><\/strong><\/p>\n\n\n\n<p class=\"has-text-align-left has-white-background-color has-background wp-block-paragraph\"><strong><a href=\"https:\/\/ankersetzen.de\/fbs\/mini-kompendium-ki\/ki-und-gesellschaft\/\" data-type=\"page\" data-id=\"1570\">KI und Gesellschaft<\/a><\/strong><a href=\"#BI\" data-type=\"internal\" data-id=\"#BI\"><\/a><\/p>\n\n\n\n<p class=\"has-white-background-color has-background wp-block-paragraph\"><strong><a href=\"https:\/\/ankersetzen.de\/fbs\/mini-kompendium-ki\/vermischtes-zum-thema-ki\/\" data-type=\"page\" data-id=\"1572\">Vermischtes<\/a><\/strong><\/p>\n\n\n\n<p class=\"has-luminous-vivid-amber-to-luminous-vivid-orange-gradient-background has-background wp-block-paragraph\"><strong><a href=\"https:\/\/ankersetzen.de\/fbs\/mini-kompendium-ki\/prompt\/\" data-type=\"page\" data-id=\"1579\">Prompt<\/a><\/strong><a href=\"https:\/\/ankersetzen.de\/fbs\/mini-kompendium-ki\/prompt\/\" data-type=\"page\" data-id=\"1579\"><strong>erstellung<\/strong><\/a><\/p>\n\n\n\n<p class=\"has-white-background-color has-background wp-block-paragraph\"><a href=\"https:\/\/ankersetzen.de\/fbs\/mini-kompendium-ki\/ki-kompetenz\/\" data-type=\"page\" data-id=\"1676\"><strong>KI Kompetenz<\/strong><\/a><\/p>\n","protected":false},"excerpt":{"rendered":"<p>Auf dem AusbaldowerCamp hat Nina Oberl\u00e4nder (Mitarbeiterin im Team Online-Lernen der Bremer Volkshochschule) eine Session zum Thema &#8222;Ein spontanes Mini-Kompendium von KI Anwendungen, Kunstschaffenden und Experti*innen f\u00fcr die Erwachsenenbildung anlegen&#8220; angeboten. Trotz bester Absichten ist es uns nicht gelungen, \u00fcber den Tag hinaus an diesem Thema gemeinsam zu arbeiten. Fast t\u00e4glich sprie\u00dfen neue KI-Anwendungen aus&#8230;<\/p>\n","protected":false},"author":3,"featured_media":0,"parent":0,"menu_order":0,"comment_status":"closed","ping_status":"closed","template":"","meta":{"_crdt_document":"","_coblocks_attr":"","_coblocks_dimensions":"","_coblocks_responsive_height":"","_coblocks_accordion_ie_support":"","footnotes":""},"class_list":["post-1397","page","type-page","status-publish","hentry"],"_links":{"self":[{"href":"https:\/\/ankersetzen.de\/fbs\/wp-json\/wp\/v2\/pages\/1397","targetHints":{"allow":["GET"]}}],"collection":[{"href":"https:\/\/ankersetzen.de\/fbs\/wp-json\/wp\/v2\/pages"}],"about":[{"href":"https:\/\/ankersetzen.de\/fbs\/wp-json\/wp\/v2\/types\/page"}],"author":[{"embeddable":true,"href":"https:\/\/ankersetzen.de\/fbs\/wp-json\/wp\/v2\/users\/3"}],"replies":[{"embeddable":true,"href":"https:\/\/ankersetzen.de\/fbs\/wp-json\/wp\/v2\/comments?post=1397"}],"version-history":[{"count":10,"href":"https:\/\/ankersetzen.de\/fbs\/wp-json\/wp\/v2\/pages\/1397\/revisions"}],"predecessor-version":[{"id":1983,"href":"https:\/\/ankersetzen.de\/fbs\/wp-json\/wp\/v2\/pages\/1397\/revisions\/1983"}],"wp:attachment":[{"href":"https:\/\/ankersetzen.de\/fbs\/wp-json\/wp\/v2\/media?parent=1397"}],"curies":[{"name":"wp","href":"https:\/\/api.w.org\/{rel}","templated":true}]}}

<p class="wp-block-paragraph">Auf dem <a rel="noreferrer noopener" href="https://ausbaldowercamp.de" data-type="URL" data-id="https://ausbaldowercamp.de" target="_blank">AusbaldowerCamp</a> hat Nina Oberländer (Mitarbeiterin im Team Online-Lernen der Bremer Volkshochschule) eine Session zum Thema &#8222;Ein spontanes Mini-Kompendium von KI Anwendungen, Kunstschaffenden und Experti*innen für die Erwachsenenbildung anlegen&#8220; angeboten. Trotz bester Absichten ist es uns nicht gelungen, über den Tag hinaus an diesem Thema gemeinsam zu arbeiten. Fast täglich sprießen neue KI-Anwendungen aus dem Boden, für die wiederum Tools und Tipps angeboten werden. Was die Bedeutung von KI für die Weiterbildung und die Gesellschaft ist, wird wortreich und meinungsstark an vielen Orten diskutiert. Wie kann man da den Überblick behalten? &#8211; Kann man nicht, deswegen setzt die folgende Sammlung ein Schlaglicht, das an anderer Stelle anders gesetzt wird. </p>



<p class="wp-block-paragraph">Aus meiner Sicht sind die verlinkten Infos nachvollziehbar, verständlich und von praktischem Wert für Interessierte, die sich mit dem Thema KI und Bildung beschäftigen.</p>



<p class="wp-block-paragraph">Ich teile das Kompendium in verschiedene Seiten und schreibe zu jedem Link einen Kommentar. </p>



<p class="has-text-align-center wp-block-paragraph"><strong>Fassung 32 (3.06.2024), </strong><br><strong>Neue Einträge stehen immer oben auf den Seiten, die hier farblich markiert sind</strong></p>



<p class="wp-block-paragraph">Aktuelle Infos zum Thema KI liefern folgende Internetseiten in einer eigenen Rubrik:</p>



<p class="wp-block-paragraph"><a href="https://www.heise.de/thema/Kuenstliche-Intelligenz" data-type="link" data-id="https://www.heise.de/thema/Kuenstliche-Intelligenz">heise.de _ KI</a></p>



<p class="wp-block-paragraph"><a href="https://www.com-magazin.de/kuenstliche-intelligenz-1229983.html" data-type="link" data-id="https://www.com-magazin.de/kuenstliche-intelligenz-1229983.html" target="_blank" rel="noreferrer noopener">com-Magazin &#8211; KI</a></p>



<p class="wp-block-paragraph"><a href="https://the-decoder.de/">the-decoder.de</a></p>



<hr class="wp-block-separator has-alpha-channel-opacity" />



<p class="wp-block-paragraph"><strong>Themenübersicht</strong></p>



<p class="has-white-background-color has-background wp-block-paragraph"><strong><a href="https://ankersetzen.de/fbs/mini-kompendium-ki/was-ist-ki/" data-type="page" data-id="1562">Was ist KI?</a></strong></p>



<p class="has-white-background-color has-background wp-block-paragraph"><a href="https://ankersetzen.de/fbs/mini-kompendium-ki/ki-anwendungen/" data-type="page" data-id="1564"><strong>KI Anwendungen</strong></a></p>



<p class="has-white-background-color has-background wp-block-paragraph"><a href="https://ankersetzen.de/fbs/mini-kompendium-ki/ki-in-der-bildung/" data-type="page" data-id="1566"><strong>KI in der Bildung</strong></a></p>



<p class="has-text-align-left has-white-background-color has-background wp-block-paragraph"><strong><a href="https://ankersetzen.de/fbs/mini-kompendium-ki/ki-und-recht/" data-type="page" data-id="1568">KI und Recht</a></strong></p>



<p class="has-text-align-left has-white-background-color has-background wp-block-paragraph"><strong><a href="https://ankersetzen.de/fbs/mini-kompendium-ki/ki-und-gesellschaft/" data-type="page" data-id="1570">KI und Gesellschaft</a></strong><a href="#BI" data-type="internal" data-id="#BI"></a></p>



<p class="has-white-background-color has-background wp-block-paragraph"><strong><a href="https://ankersetzen.de/fbs/mini-kompendium-ki/vermischtes-zum-thema-ki/" data-type="page" data-id="1572">Vermischtes</a></strong></p>



<p class="has-luminous-vivid-amber-to-luminous-vivid-orange-gradient-background has-background wp-block-paragraph"><strong><a href="https://ankersetzen.de/fbs/mini-kompendium-ki/prompt/" data-type="page" data-id="1579">Prompt</a></strong><a href="https://ankersetzen.de/fbs/mini-kompendium-ki/prompt/" data-type="page" data-id="1579"><strong>erstellung</strong></a></p>



<p class="has-white-background-color has-background wp-block-paragraph"><a href="https://ankersetzen.de/fbs/mini-kompendium-ki/ki-kompetenz/" data-type="page" data-id="1676"><strong>KI Kompetenz</strong></a></p>

<p>Auf dem AusbaldowerCamp hat Nina Oberländer (Mitarbeiterin im Team Online-Lernen der Bremer Volkshochschule) eine Session zum Thema &#8222;Ein spontanes Mini-Kompendium von KI Anwendungen, Kunstschaffenden und Experti*innen für die Erwachsenenbildung anlegen&#8220; angeboten. Trotz bester Absichten ist es uns nicht gelungen, über den Tag hinaus an diesem Thema gemeinsam zu arbeiten. Fast täglich sprießen neue KI-Anwendungen aus&#8230;</p>
